{"id":279,"date":"2026-04-20T12:05:57","date_gmt":"2026-04-20T10:05:57","guid":{"rendered":"https:\/\/www.refrat.de\/wahlen\/?page_id=279"},"modified":"2026-04-21T12:33:26","modified_gmt":"2026-04-21T10:33:26","slug":"34-stupa-wahl-18-und-19-juni-2026","status":"publish","type":"page","link":"https:\/\/www.refrat.de\/wahlen\/34-stupa-wahl-18-und-19-juni-2026\/","title":{"rendered":"34. StuPa-Wahl 18. und 19. Juni 2026"},"content":{"rendered":"<p>Wahlbekanntmachung <a href=\"https:\/\/www.refrat.de\/wahlen\/wp-content\/uploads\/2026\/04\/Wahlbekanntmachung.pdf\">PDF-Dokument (ver\u00f6ffentlicht am 20.04.2026)<\/a><\/p>\n<div>\n<div class=\"wp-block-columns\">\n<div class=\"wp-block-column\">\n<p><a href=\"#wann\">Briefwahl<\/a> | <a href=\"#wahlbroschuere\">Wahlbrosch\u00fcre<\/a> | <a href=\"#lokale\">Wahllokale<\/a> | <a href=\"#bekanntmachungen\">Amtl. Bekanntmachungen<\/a> | <a href=\"#formulare\">Formulare<\/a><\/p>\n<\/div>\n<\/div>\n<div class=\"wp-block-group\">\n<p><strong><br \/>\nWas wird gew\u00e4hlt? <\/strong><br \/>\nDas Studierendenparlament (StuPa) der HU wird jedes Jahr von allen Studierenden neu gew\u00e4hlt. Die 60 Sitze des StuPas werden entsprechend der Stimmenanzahl auf die Listen verteilt. Infos zur Arbeit des StuPas findet ihr <a href=\"https:\/\/www.refrat.de\/docs\/hopo\/Flyer_studentische_Selbstverwaltung_HU.pdf\">hier<\/a>.<\/p>\n<\/div>\n<div class=\"wp-block-group\">\n<p><strong>Wer ist wahlberechtigt?<\/strong><br \/>\nJedes Mitglied der HU Berlin mit studentischem Status, das seine*ihre Mitgliedsrechte an der HU aus\u00fcbt, kann eine Stimme abgeben. Das sind i.d.R. alle Studierenden, die hier ihre Beitr\u00e4ge zur Studierendenschaft bezahlen, also auch Promovierende und Programmstudierende.<\/p>\n<\/div>\n<div class=\"wp-block-group\"><strong>Wahlberechtigtenverzeichnis <\/strong><\/div>\n<div class=\"wp-block-group\">Wenn du dir unsicher bist, ob du an der Wahl teilnehmen kannst, kannst du ins Wahlberechtigtenverzeichnis schauen. Das kann vom <strong>01<\/strong><strong>. Juni 2026<\/strong> bis zum <strong>15<\/strong><strong>. Juni 2026, <\/strong>nach Absprache in unserem B\u00fcro in der <strong>Ziegelstra\u00dfe 4<\/strong> eingesehen werden. Anfragen zur Einsichtnahme per Mail sind bei entsprechender Glaubhaftmachung m\u00f6glich.<\/div>\n<div class=\"wp-block-group\">\n<p><strong><br \/>\nWann wird gew\u00e4hlt?<br \/>\n<\/strong>Die Wahl findet am <strong>18. und 19.<\/strong><b> Juni 2026<\/b>\u00a0als <strong>Urnenwahl<\/strong> statt. Die Wahllokale werden sp\u00e4ter bekanntgegeben. Es wird zentrale Wahllokale in Mitte und Adlershof geben. Es besteht auch die M\u00f6glichkeit einer <strong>Briefwahl<\/strong>. Die Briefwahlunterlagen m\u00fcssen bis zum <strong>04. Juni 2026<\/strong>,<strong> 15 Uhr<\/strong> beim Studentischen Wahlvorstand schriftlich oder per Mail <strong>wahl@refrat.hu-berlin.de<\/strong> beantragt werden. Dazu werden folgende Angaben ben\u00f6tigt:<br \/>\n&#8211; Name<br \/>\n&#8211; Matrikelnummer<br \/>\n&#8211; Studiengang bzw. -g\u00e4nge<br \/>\n&#8211; Adresse, zu der die Unterlagen geschickt werden sollen<\/p>\n<\/div>\n<div class=\"wp-block-group\"><strong>Wie kannst du dich w\u00e4hlen lassen?<br \/>\n<\/strong> Jede wahlberechtigte Person kann kandidieren (s.o. <strong>Wer ist wahlberechtigt?<\/strong>). Kandidieren ist nur gemeinsam auf einer Liste mit mindestens <strong>drei Personen<\/strong> m\u00f6glich. Diese Wahlvorschl\u00e4ge m\u00fcssen bis Dienstag <strong>19<\/strong><strong>. Mai 2026, 15 Uhr<\/strong> beim Studentischen Wahlvorstand eingereicht werden. Der Wahlvorschlag (<a href=\"https:\/\/www.refrat.de\/wahlen\/wp-content\/uploads\/2026\/04\/Wahlvorschlag.docx\">Word<\/a>, <a href=\"https:\/\/www.refrat.de\/wahlen\/wp-content\/uploads\/2026\/04\/Wahlvorschlag.pdf\">PDF<\/a>) ist von der Kontaktperson auszuf\u00fcllen und zu unterschreiben. Von allen Bewerber*innen muss au\u00dferdem eine unterschriebene Zustimmungserkl\u00e4rung (<a href=\"https:\/\/www.refrat.de\/wahlen\/wp-content\/uploads\/2026\/04\/Zustimmungserklaerung.docx\">Word<\/a>, <a href=\"https:\/\/www.refrat.de\/wahlen\/wp-content\/uploads\/2026\/04\/Zustimmungserklaerung.pdf\">PDF<\/a>) vorliegen. Der Wahlvorschlag muss schriftlich eingereicht werden, zur Wahrung der Frist gen\u00fcgt die Einreichung eines digitalen Scans. Zus\u00e4tzlich zum schriftlichen Wahlvorschlag ist das Formblatt digital in einem g\u00e4ngigen Textdateiformat auszuf\u00fcllen (.rtf, .odt, .docx) und per Mail einzureichen.<\/div>\n<div class=\"wp-block-group\">\n<p id=\"wahlbroschuere\"><strong><br \/>\nWahlbrosch\u00fcre<br \/>\n<\/strong>Zur Wahl soll auch dieses Jahr wieder eine Wahlbrosch\u00fcre herausgegeben werden. Dort findet ihr alle Informationen zur Wahl und zu den kandidierenden Listen. Zu diesem Zweck k\u00f6nnen alle Listen eine kurze Selbstdarstellung bei uns einreichen, in der sie sich vorstellen. Die maximale Zeichenzahl betr\u00e4gt 2.800 Zeichen, die Selbstdarstellung muss digital eingereicht werden.<\/p>\n<\/div>\n<div class=\"wp-block-group\"><strong>Wahlverfahren<\/strong><br \/>\nDie StuPa-Wahl ist eine personalisierte Verh\u00e4ltniswahl. Das hei\u00dft ihr w\u00e4hlt eine*n Kandidierende*n und w\u00e4hlt damit gleichzeitig die gesamte Liste. Die erhaltenen Stimmen aller Kandidierenden einer Liste werden addiert und bilden das Listenergebnis. Diese Listenergebnisse werden zu einander ins Verh\u00e4ltnis gesetzt. Entsprechend dem Stimmenanteil einer Liste leitet sich dann die Mandatsverteilung ab. Innerhalb einer Liste werden die Mandate auf die stimmenst\u00e4rksten Kandidierenden verteilt. Die ma\u00dfgeblichen Rechtsvorschriften findet ihr <a href=\"https:\/\/www.refrat.de\/wahlen\/rechtsgrundlagen\/\">hier<\/a>.<\/div>\n<div class=\"wp-block-group\">\n<div class=\"wp-block-group\">\n<p id=\"lokale\"><strong><br \/>\nWahllokale<br \/>\n<\/strong>In den zentralen Wahllokalen k\u00f6nnen alle Studierenden w\u00e4hlen, in den dezentralen Wahllokalen nur die der jeweiligen Fachbereiche.<\/p>\n<p><strong>Zentrale Wahllokale:<br \/>\n<\/strong><\/p>\n<ul>\n<li style=\"list-style-type: none;\">\n<ul>\n<li><strong>Mitte S\u00fcd<\/strong><br \/>\nFoyer im Hauptgeb\u00e4ude, Unter den Linden 6<\/li>\n<li><strong>Mitte Nord<\/strong><br \/>\nFoyer der Mensa Nord, Hannoversche Stra\u00dfe 7<\/li>\n<li><strong>Grimm-Zentrum<\/strong><br \/>\nFoyer im Jacob-und-Wilhelm-Grimm-Zentrum, Geschwister-Scholl-Stra\u00dfe 3<\/li>\n<li><strong>Adlershof<\/strong><br \/>\nFoyer im Erwin-Schr\u00f6dinger-Zentrum, Rudower Chaussee 26<\/li>\n<\/ul>\n<\/li>\n<\/ul>\n<\/div>\n<div class=\"wp-block-group\">\n<p id=\"bekanntmachungen\"><strong>Bekanntmachungen des Wahlvorstands<\/strong><\/p>\n<ul>\n<li><a href=\"https:\/\/www.refrat.de\/wahlen\/wp-content\/uploads\/2026\/04\/Wahlbekanntmachung.pdf\">Wahlbekanntmachung (20.04.2026)<\/a><\/li>\n<\/ul>\n<\/div>\n<\/div>\n<div class=\"wp-block-group\">\n<p id=\"formulare\"><strong>Formulare<\/strong><\/p>\n<ul class=\"wp-block-list\">\n<li><strong>Zustimmungserkl\u00e4rung: <a href=\"https:\/\/www.refrat.de\/wahlen\/wp-content\/uploads\/2026\/04\/Zustimmungserklaerung.docx\">Word<\/a>;<a href=\"https:\/\/www.refrat.de\/wahlen\/wp-content\/uploads\/2026\/04\/Zustimmungserklaerung.pdf\">\u00a0PDF<\/a><\/strong><\/li>\n<li><strong>Formblatt Listenvordruck: <a href=\"https:\/\/www.refrat.de\/wahlen\/wp-content\/uploads\/2026\/04\/Wahlvorschlag.docx\">Word<\/a>; <a href=\"https:\/\/www.refrat.de\/wahlen\/wp-content\/uploads\/2026\/04\/Wahlvorschlag.pdf\">PDF<\/a><\/strong><\/li>\n<\/ul>\n<\/div>\n<\/div>\n","protected":false},"excerpt":{"rendered":"<p>Wahlbekanntmachung PDF-Dokument (ver\u00f6ffentlicht am 20.04.2026) Briefwahl | Wahlbrosch\u00fcre | Wahllokale | Amtl. Bekanntmachungen | Formulare Was wird gew\u00e4hlt? Das Studierendenparlament (StuPa) der HU wird jedes Jahr von allen Studierenden neu gew\u00e4hlt. Die 60 Sitze des StuPas werden entsprechend der Stimmenanzahl auf die Listen verteilt. Infos zur Arbeit des StuPas findet ihr hier. Wer ist wahlberechtigt? &hellip; <a href=\"https:\/\/www.refrat.de\/wahlen\/34-stupa-wahl-18-und-19-juni-2026\/\" class=\"more-link\"><span class=\"screen-reader-text\">\u201e34. StuPa-Wahl 18. und 19. Juni 2026\u201c <\/span>weiterlesen<\/a><\/p>\n","protected":false},"author":2,"featured_media":0,"parent":0,"menu_order":0,"comment_status":"closed","ping_status":"closed","template":"","meta":{"footnotes":""},"class_list":["post-279","page","type-page","status-publish","hentry"],"_links":{"self":[{"href":"https:\/\/www.refrat.de\/wahlen\/wp-json\/wp\/v2\/pages\/279","targetHints":{"allow":["GET"]}}],"collection":[{"href":"https:\/\/www.refrat.de\/wahlen\/wp-json\/wp\/v2\/pages"}],"about":[{"href":"https:\/\/www.refrat.de\/wahlen\/wp-json\/wp\/v2\/types\/page"}],"author":[{"embeddable":true,"href":"https:\/\/www.refrat.de\/wahlen\/wp-json\/wp\/v2\/users\/2"}],"replies":[{"embeddable":true,"href":"https:\/\/www.refrat.de\/wahlen\/wp-json\/wp\/v2\/comments?post=279"}],"version-history":[{"count":15,"href":"https:\/\/www.refrat.de\/wahlen\/wp-json\/wp\/v2\/pages\/279\/revisions"}],"predecessor-version":[{"id":309,"href":"https:\/\/www.refrat.de\/wahlen\/wp-json\/wp\/v2\/pages\/279\/revisions\/309"}],"wp:attachment":[{"href":"https:\/\/www.refrat.de\/wahlen\/wp-json\/wp\/v2\/media?parent=279"}],"curies":[{"name":"wp","href":"https:\/\/api.w.org\/{rel}","templated":true}]}}