{"id":18,"date":"2025-02-17T10:55:34","date_gmt":"2025-02-17T09:55:34","guid":{"rendered":"https:\/\/www.refrat.de\/wahl-neu\/?page_id=18"},"modified":"2026-04-20T11:27:00","modified_gmt":"2026-04-20T09:27:00","slug":"ueber-uns","status":"publish","type":"page","link":"https:\/\/www.refrat.de\/wahlen\/ueber-uns\/","title":{"rendered":"\u00dcber uns"},"content":{"rendered":"<p>Jedes Jahr im Sommersemester findet die Wahl zum Studierendenparlament (StuPa) statt. Der Studentische Wahlvorstand ist zust\u00e4ndig f\u00fcr die Organisation und Durchf\u00fchrung dieser StuPa-Wahl. Eine weitere Aufgabe ist die Durchf\u00fchrung der Semesterticket-Urabstimmung oder anderer Urabstimmungen der Studierendenschaft. Dabei reicht die T\u00e4tigkeit von der Festlegung der Wahltage und die Entscheidung \u00fcber die Zulassung der Wahlvorschl\u00e4ge \u00fcber die Einrichtung von Wahllokalen bis zur Ausz\u00e4hlung der Stimmen am Wahltag.<\/p>\n<p>Der Wahlvorstand ist ein politisch neutrales Gremium innerhalb der studentischen Selbstverwaltung an der Universit\u00e4t. Er ist nicht Teil der Studierendenvertretung (RefRat) \u2013 wird aber nat\u00fcrlich von dieser bei der Erf\u00fcllung seiner Aufgaben unterst\u00fctzt. Die vier Mitglieder des Wahlvorstands und ihre Stellvertreter*innen werden in der Regel im Wintersemester vom StuPa f\u00fcr eine Amtszeit von einem Jahr gew\u00e4hlt.<\/p>\n<h3>Aktueller Wahlvorstand<\/h3>\n<p>Sara (Vorsitz)<br \/>\nJohannes (stellvertretender Vorsitz)<br \/>\nJulika<\/p>\n","protected":false},"excerpt":{"rendered":"<p>Jedes Jahr im Sommersemester findet die Wahl zum Studierendenparlament (StuPa) statt. Der Studentische Wahlvorstand ist zust\u00e4ndig f\u00fcr die Organisation und Durchf\u00fchrung dieser StuPa-Wahl. Eine weitere Aufgabe ist die Durchf\u00fchrung der Semesterticket-Urabstimmung oder anderer Urabstimmungen der Studierendenschaft. Dabei reicht die T\u00e4tigkeit von der Festlegung der Wahltage und die Entscheidung \u00fcber die Zulassung der Wahlvorschl\u00e4ge \u00fcber die &hellip; <a href=\"https:\/\/www.refrat.de\/wahlen\/ueber-uns\/\" class=\"more-link\"><span class=\"screen-reader-text\">\u201e\u00dcber uns\u201c <\/span>weiterlesen<\/a><\/p>\n","protected":false},"author":1,"featured_media":0,"parent":0,"menu_order":0,"comment_status":"closed","ping_status":"closed","template":"","meta":{"footnotes":""},"class_list":["post-18","page","type-page","status-publish","hentry"],"_links":{"self":[{"href":"https:\/\/www.refrat.de\/wahlen\/wp-json\/wp\/v2\/pages\/18","targetHints":{"allow":["GET"]}}],"collection":[{"href":"https:\/\/www.refrat.de\/wahlen\/wp-json\/wp\/v2\/pages"}],"about":[{"href":"https:\/\/www.refrat.de\/wahlen\/wp-json\/wp\/v2\/types\/page"}],"author":[{"embeddable":true,"href":"https:\/\/www.refrat.de\/wahlen\/wp-json\/wp\/v2\/users\/1"}],"replies":[{"embeddable":true,"href":"https:\/\/www.refrat.de\/wahlen\/wp-json\/wp\/v2\/comments?post=18"}],"version-history":[{"count":8,"href":"https:\/\/www.refrat.de\/wahlen\/wp-json\/wp\/v2\/pages\/18\/revisions"}],"predecessor-version":[{"id":263,"href":"https:\/\/www.refrat.de\/wahlen\/wp-json\/wp\/v2\/pages\/18\/revisions\/263"}],"wp:attachment":[{"href":"https:\/\/www.refrat.de\/wahlen\/wp-json\/wp\/v2\/media?parent=18"}],"curies":[{"name":"wp","href":"https:\/\/api.w.org\/{rel}","templated":true}]}}