{"id":119,"date":"2025-05-06T17:59:08","date_gmt":"2025-05-06T15:59:08","guid":{"rendered":"https:\/\/www.refrat.de\/wahlen\/?page_id=119"},"modified":"2025-07-04T17:20:15","modified_gmt":"2025-07-04T15:20:15","slug":"33-stupa-wahl","status":"publish","type":"page","link":"https:\/\/www.refrat.de\/wahlen\/33-stupa-wahl\/","title":{"rendered":"33. StuPa-Wahl am 03. Juli 2025"},"content":{"rendered":"\r\n<div class=\"wp-block-columns is-layout-flex wp-container-core-columns-is-layout-9d6595d7 wp-block-columns-is-layout-flex\">\r\n<div class=\"wp-block-column has-yellow-background-color has-background\"><b>Wahlbekanntmachung <a href=\"https:\/\/www.refrat.de\/wahlen\/wp-content\/uploads\/2025\/05\/Wahlbekanntmachung_2025.pdf\">PDF-Dokument (ver\u00f6ffentlicht am 07.05.2025)<\/a><\/b><\/div>\r\n<!-- \/wp:post-content --><!--wp:column {\"backgroundColor\":\"yellow\"}-->\r\n<div class=\"wp-block-column has-yellow-background-color has-background\"><b>vorl\u00e4ufiges Wahlergebnis <a href=\"https:\/\/www.refrat.de\/wahlen\/wp-content\/uploads\/2025\/07\/Wahlergebnis-vorlaeufig-2025.pdf\">PDF-Dokument (ver\u00f6ffentlicht am 04.07.2025)<\/a><\/b><\/div>\r\n<\/div>\r\n<div class=\"wp-block-columns\">\r\n<div class=\"wp-block-column\"><!-- wp:freeform -->\r\n<p><a href=\"#wann\">Briefwahl<\/a> | <a href=\"#wahlbroschuere\">Wahlbrosch\u00fcre<\/a> | <a href=\"#lokale\">Wahllokale<\/a> | <a href=\"#bekanntmachungen\">Amtl. Bekanntmachungen<\/a> | <a href=\"#formulare\">Formulare<\/a><\/p>\r\n<\/div>\r\n<\/div>\r\n<div class=\"wp-block-group\"><!-- wp:paragraph --><strong>Was wird gew\u00e4hlt? <\/strong><\/div>\r\n<div class=\"wp-block-group\"><!-- \/wp:paragraph -->\r\n\r\n<!-- wp:paragraph -->Das Studierendenparlament (StuPa) der HU wird jedes Jahr von allen Studierenden neu gew\u00e4hlt. Die 60 Sitze des StuPas werden entsprechend der Stimmenanzahl auf die Listen verteilt. Infos zur Arbeit des StuPas findet ihr <a href=\"https:\/\/www.refrat.de\/docs\/hopo\/Flyer_studentische_Selbstverwaltung_HU.pdf\">hier<\/a>. <!-- \/wp:paragraph --><\/div>\r\n<!-- \/wp:freeform -->\r\n\r\n<!-- wp:group {\"layout\":{\"type\":\"constrained\"}} -->\r\n<div>\u00a0<\/div>\r\n<div class=\"wp-block-group\"><!-- wp:paragraph --><strong>Wer ist wahlberechtigt? <\/strong><\/div>\r\n<div class=\"wp-block-group\"><!-- \/wp:paragraph -->\r\n\r\n<!-- wp:paragraph -->Jedes Mitglied der HU Berlin mit studentischem Status, das seine*ihre Mitgliedsrechte an der HU aus\u00fcbt, kann eine Stimme abgeben. Das sind i.d.R. alle Studierenden, die hier ihre Beitr\u00e4ge zur Studierendenschaft bezahlen, also auch Promovierende und Programmstudierende. <!-- \/wp:paragraph --><\/div>\r\n<!-- \/wp:group -->\r\n\r\n<!-- wp:group {\"layout\":{\"type\":\"constrained\"}} -->\r\n<div>\u00a0<\/div>\r\n<div class=\"wp-block-group\"><!-- wp:paragraph --><strong>Wahlberechtigtenverzeichnis <\/strong><\/div>\r\n<div class=\"wp-block-group\"><!-- \/wp:paragraph -->\r\n\r\n<!-- wp:paragraph -->Wenn du dir unsicher bist, ob du an der Wahl teilnehmen kannst, kannst du ins Wahlberechtigtenverzeichnis schauen. Das kann vom <strong>16. Juni 2025<\/strong> bis zum <strong>30. Juni 2025, 15 Uhr<\/strong> w\u00e4hrend unserer <strong>Sprechzeiten<\/strong> oder nach Absprache in unserem B\u00fcro in der <strong>Ziegelstra\u00dfe 4<\/strong> eingesehen werden. Anfragen zur Einsichtnahme per Mail sind bei entsprechender Glaubhaftmachung m\u00f6glich.<\/div>\r\n<div class=\"wp-block-group\">\r\n<p><strong><br \/>Wann wird gew\u00e4hlt?<br \/><\/strong>Die Wahl findet am <b>03. Juli 2025<\/b> als <strong>Urnenwahl<\/strong> statt. Die Wahllokale werden sp\u00e4ter bekanntgegeben. Es wird zentrale Wahllokale in Mitte und Adlershof geben. Es besteht auch die M\u00f6glichkeit einer <strong>Briefwahl<\/strong>. Die Briefwahlunterlagen m\u00fcssen bis zum <strong>19. Juni 2025<\/strong>,<strong> 15 Uhr<\/strong> beim Studentischen Wahlvorstand schriftlich oder per Mail <strong>wahl[at]refrat.hu-berlin.de<\/strong> beantragt werden. Dazu werden folgende Angaben ben\u00f6tigt:<br \/>&#8211; Name\u00a0<br \/>&#8211; Matrikelnummer<br \/>&#8211; Studiengang bzw. -g\u00e4nge<br \/>&#8211; Adresse, zu der die Unterlagen geschickt werden sollen\u00a0<\/p>\r\n<!-- \/wp:paragraph --><\/div>\r\n<!-- \/wp:group -->\r\n\r\n<!-- wp:group {\"layout\":{\"type\":\"constrained\"}} -->\r\n<div class=\"wp-block-group\"><!-- wp:paragraph --><strong>Wie kannst du dich w\u00e4hlen lassen? <br \/><\/strong> <!-- \/wp:paragraph -->\r\n\r\n<!-- wp:paragraph -->Jede wahlberechtigte Person kann kandidieren (s.o. <strong>Wer ist wahlberechtigt?<\/strong>). Kandidieren ist nur gemeinsam auf einer Liste mit mindestens <strong>drei Personen<\/strong> m\u00f6glich. Diese Wahlvorschl\u00e4ge m\u00fcssen bis Dienstag <strong>3. Juni 2025, 15 Uhr<\/strong> beim Studentischen Wahlvorstand eingereicht werden. Der Wahlvorschlag (<a href=\"https:\/\/www.refrat.de\/wahlen\/wp-content\/uploads\/2025\/05\/Wahlvorschlag_2025.docx\">Word<\/a>, <a href=\"https:\/\/www.refrat.de\/wahlen\/wp-content\/uploads\/2025\/05\/Wahlvorschlag_2025.pdf\">PDF<\/a>) ist von der Kontaktperson auszuf\u00fcllen und zu unterschreiben. Von allen Bewerber*innen muss au\u00dferdem eine unterschriebene Zustimmungserkl\u00e4rung (<a href=\"https:\/\/www.refrat.de\/wahlen\/wp-content\/uploads\/2025\/05\/Zustimmungserklaerung_2025.docx\">Word<\/a>, <a href=\"https:\/\/www.refrat.de\/wahlen\/wp-content\/uploads\/2025\/05\/Zustimmungserklaerung_2025.pdf\">PDF<\/a>) vorliegen. Der Wahlvorschlag muss schriftlich eingereicht werden, zur Wahrung der Frist gen\u00fcgt die Einreichung eines digitalen Scans. Zus\u00e4tzlich zum schriftlichen Wahlvorschlag ist das Formblatt digital in einem g\u00e4ngigen Textdateiformat auszuf\u00fcllen (.rtf, .odt, .docx) und per Mail einzureichen. <!-- \/wp:paragraph --><\/div>\r\n<!-- \/wp:group -->\r\n\r\n<!-- wp:group {\"layout\":{\"type\":\"constrained\"}} -->\r\n<div class=\"wp-block-group\"><!-- wp:paragraph -->\r\n<p id=\"wahlbroschuere\"><strong><br \/>Wahlbrosch\u00fcre<br \/><\/strong>Zur Wahl soll auch dieses Jahr wieder eine Wahlbrosch\u00fcre herausgegeben werden. Dort findet ihr alle Informationen zur Wahl und zu den kandidierenden Listen. Zu diesem Zweck k\u00f6nnen alle Listen eine kurze Selbstdarstellung bei uns einreichen, in der sie sich vorstellen. Die maximale Zeichenzahl betr\u00e4gt 2.800 Zeichen, die Selbstdarstellung muss digital eingereicht werden.\u00a0<\/p>\r\n<p>Die <strong><a href=\"https:\/\/www.refrat.de\/wahlen\/wp-content\/uploads\/2025\/07\/Wahlbroschuere_2025.pdf\">Wahlbrosch\u00fcre 2025<\/a><\/strong><\/p>\r\n<!-- \/wp:paragraph --><\/div>\r\n<!-- \/wp:group -->\r\n\r\n<!-- wp:group {\"layout\":{\"type\":\"constrained\"}} -->\r\n<div class=\"wp-block-group\"><!-- wp:paragraph --><strong>Wahlverfahren<\/strong> <br \/><!-- \/wp:paragraph -->\r\n\r\n<!-- wp:paragraph -->Die StuPa-Wahl ist eine personalisierte Verh\u00e4ltniswahl. Das hei\u00dft ihr w\u00e4hlt eine*n Kandidierende*n und w\u00e4hlt damit gleichzeitig die gesamte Liste. Die erhaltenen Stimmen aller Kandidierenden einer Liste werden addiert und bilden das Listenergebnis. Diese Listenergebnisse werden zu einander ins Verh\u00e4ltnis gesetzt. Entsprechend dem Stimmenanteil einer Liste leitet sich dann die Mandatsverteilung ab. Innerhalb einer Liste werden die Mandate auf die stimmenst\u00e4rksten Kandidierenden verteilt. Die ma\u00dfgeblichen Rechtsvorschriften findet ihr <a href=\"https:\/\/www.refrat.de\/wahlen\/rechtsgrundlagen\/\">hier<\/a>. <!-- \/wp:paragraph --><\/div>\r\n<!-- \/wp:group -->\r\n\r\n<!-- wp:group {\"layout\":{\"type\":\"constrained\"}} -->\r\n<div class=\"wp-block-group\"><!-- wp:group {\"layout\":{\"type\":\"constrained\"}} -->\r\n<div class=\"wp-block-group\"><!-- wp:paragraph -->\r\n<p id=\"lokale\"><strong><br \/>Wahllokale<br \/><\/strong>In den zentralen Wahllokalen k\u00f6nnen alle Studierenden w\u00e4hlen, in den dezentralen Wahllokalen nur die der jeweiligen Fachbereiche.<\/p>\r\n<p><strong>Zentrale Wahllokale:<br \/><\/strong><\/p>\r\n<ul>\r\n<li style=\"list-style-type: none;\">\r\n<ul>\r\n<li><strong>Mitte S\u00fcd<\/strong><br \/>Foyer im Hauptgeb\u00e4ude, Unter den Linden 6<br \/>Donnerstag 09:00 bis 17:00 Uhr<br \/><br \/><\/li>\r\n<li><strong>Mitte Nord<\/strong><br \/>Foyer der Mensa Nord, Hannoversche Stra\u00dfe 7<br \/>Donnerstag 09:00 bis 17:00 Uhr<br \/><br \/><\/li>\r\n<li><strong>Grimm-Zentrum<\/strong><br \/>Foyer im Jacob-und-Wilhelm-Grimm-Zentrum, Geschwister-Scholl-Stra\u00dfe 3<br \/>Donnerstag 09:00 bis 17:00 Uhr<br \/><br \/><\/li>\r\n<li><strong>Adlershof<\/strong><br \/>Foyer im Erwin-Schr\u00f6dinger-Zentrum, Rudower Chaussee 26<br \/>Donnerstag 09:00 bis 17:00 Uhr<\/li>\r\n<\/ul>\r\n<\/li>\r\n<\/ul>\r\n<p>Die Ausz\u00e4hlung findet am 03.07.25 ab 18:00 Uhr in Raum 2070A im Hauptgeb\u00e4ude, Unter den Linden 6, statt.<\/p>\r\n<p><strong>Dezentrale Wahllokale:<\/strong><\/p>\r\n<ul>\r\n<li style=\"list-style-type: none;\">\r\n<ul>\r\n<li><strong>Fachschaften Physik und Chemie<\/strong><br \/>MoPs, Newtonstra\u00dfe 16<br \/>Donnerstag 10:00 bis 17:00 Uhr<br \/><br \/><\/li>\r\n<li><strong>Fachschaft Geschichte<\/strong><br \/>Raum 5009, Friedrichstra\u00dfe 191<br \/>Donnerstag 14:00 bis 17:00 Uhr\u00a0<br \/><br \/><\/li>\r\n<li><strong>Fachschaft Reha\u00a0<\/strong><br \/>Foyer, Georgenstra\u00dfe 36<br \/>Donnerstag 10:00 bis 17:00 Uhr\u00a0<br \/><br \/><\/li>\r\n<li><strong>Fachschaft Klass. Arch\u00e4ologie<\/strong><br \/>Raum 3089a, Unter den Linden 6<br \/>Donnerstag 13:30 bis 16:30 Uhr<br \/><br \/><\/li>\r\n<li><strong>Fachschaft Sozialwissenschaften<\/strong><br \/>Foyer, Universit\u00e4tsstra\u00dfe 3b<br \/>Donnerstag 10:00 bis 17:00 Uhr<br \/><br \/>Die Ausz\u00e4hlung der in den dezentralen Wahllokalen abgegebenen Stimmen findet durch die zust\u00e4ndigen Wahlvorst\u00e4nde der Stimmbezirke statt.<\/li>\r\n<\/ul>\r\n<\/li>\r\n<\/ul>\r\n<!-- \/wp:paragraph --><\/div>\r\n<!-- \/wp:group -->\r\n\r\n<!-- wp:group {\"layout\":{\"type\":\"constrained\"}} -->\r\n<div class=\"wp-block-group\"><!-- wp:paragraph -->\r\n<p id=\"bekanntmachungen\"><strong>Bekanntmachungen des Wahlvorstands<\/strong><\/p>\r\n<p><strong><a href=\"https:\/\/www.refrat.de\/wahlen\/wp-content\/uploads\/2025\/06\/korrigierte-Bekanntmachung-Wahlvorschlaege.pdf\">Bekanntmachung Korrektur der Wahlvorschl\u00e4ge<\/a><\/strong><br \/><a href=\"https:\/\/www.refrat.de\/wahlen\/wp-content\/uploads\/2025\/05\/Wahlbekanntmachung_2025.pdf\"><b>Wahlbekanntmachung des 33. Studierendenparlaments<\/b><\/a><br \/><strong><a href=\"https:\/\/www.refrat.de\/wahlen\/wp-content\/uploads\/2025\/06\/Bekanntmachung-Wahlvorschlaege-2025.pdf\">Bekanntmachung der zugelassenen Listen<\/a><br \/><a href=\"https:\/\/www.refrat.de\/wahlen\/wp-content\/uploads\/2025\/07\/Wahlergebnis-vorlaeufig-2025.pdf\">Vorl\u00e4ufiges Wahlergebnis der 33. StuPa-Wahl<\/a><br \/><\/strong><\/p>\r\n<!-- \/wp:paragraph --><\/div>\r\n<!-- \/wp:group --><\/div>\r\n<!-- \/wp:group -->\r\n\r\n<!-- wp:group {\"layout\":{\"type\":\"constrained\"}} -->\r\n<div class=\"wp-block-group\"><!-- wp:paragraph -->\r\n<p id=\"formulare\"><strong>Formulare<\/strong><\/p>\r\n<!-- \/wp:paragraph -->\r\n\r\n<!-- wp:list -->\r\n<ul class=\"wp-block-list\"><!-- wp:list-item -->\r\n<li><strong>Zustimmungserkl\u00e4rung: <a href=\"https:\/\/www.refrat.de\/wahlen\/wp-content\/uploads\/2025\/05\/Zustimmungserklaerung_2025.docx\">Word<\/a>; <a href=\"https:\/\/www.refrat.de\/wahlen\/wp-content\/uploads\/2025\/05\/Zustimmungserklaerung_2025.pdf\">PDF<\/a><\/strong><\/li>\r\n<!-- \/wp:list-item -->\r\n\r\n<!-- wp:list-item -->\r\n<li><strong>Formblatt Listenvordruck: <a href=\"https:\/\/www.refrat.de\/wahlen\/wp-content\/uploads\/2025\/05\/Wahlvorschlag_2025.docx\">Word<\/a>; <a href=\"https:\/\/www.refrat.de\/wahlen\/wp-content\/uploads\/2025\/05\/Wahlvorschlag_2025.pdf\">PDF<\/a><\/strong><\/li>\r\n<!-- \/wp:list-item --><\/ul>\r\n<!-- \/wp:list --><\/div>\r\n<!-- \/wp:group -->\r\n\r\n<!-- wp:paragraph -->\r\n<p>&nbsp;<\/p>","protected":false},"excerpt":{"rendered":"<p>Wahlbekanntmachung PDF-Dokument (ver\u00f6ffentlicht am 07.05.2025) vorl\u00e4ufiges Wahlergebnis PDF-Dokument (ver\u00f6ffentlicht am 04.07.2025) Briefwahl | Wahlbrosch\u00fcre | Wahllokale | Amtl. Bekanntmachungen | Formulare Was wird gew\u00e4hlt? Das Studierendenparlament (StuPa) der HU wird jedes Jahr von allen Studierenden neu gew\u00e4hlt. Die 60 Sitze des StuPas werden entsprechend der Stimmenanzahl auf die Listen verteilt. Infos zur Arbeit des StuPas &hellip; <a href=\"https:\/\/www.refrat.de\/wahlen\/33-stupa-wahl\/\" class=\"more-link\"><span class=\"screen-reader-text\">\u201e33. StuPa-Wahl am 03. Juli 2025\u201c <\/span>weiterlesen<\/a><\/p>\n","protected":false},"author":2,"featured_media":0,"parent":0,"menu_order":0,"comment_status":"closed","ping_status":"closed","template":"","meta":{"footnotes":""},"class_list":["post-119","page","type-page","status-publish","hentry"],"_links":{"self":[{"href":"https:\/\/www.refrat.de\/wahlen\/wp-json\/wp\/v2\/pages\/119","targetHints":{"allow":["GET"]}}],"collection":[{"href":"https:\/\/www.refrat.de\/wahlen\/wp-json\/wp\/v2\/pages"}],"about":[{"href":"https:\/\/www.refrat.de\/wahlen\/wp-json\/wp\/v2\/types\/page"}],"author":[{"embeddable":true,"href":"https:\/\/www.refrat.de\/wahlen\/wp-json\/wp\/v2\/users\/2"}],"replies":[{"embeddable":true,"href":"https:\/\/www.refrat.de\/wahlen\/wp-json\/wp\/v2\/comments?post=119"}],"version-history":[{"count":52,"href":"https:\/\/www.refrat.de\/wahlen\/wp-json\/wp\/v2\/pages\/119\/revisions"}],"predecessor-version":[{"id":122,"href":"https:\/\/www.refrat.de\/wahlen\/wp-json\/wp\/v2\/pages\/119\/revisions\/122"}],"wp:attachment":[{"href":"https:\/\/www.refrat.de\/wahlen\/wp-json\/wp\/v2\/media?parent=119"}],"curies":[{"name":"wp","href":"https:\/\/api.w.org\/{rel}","templated":true}]}}