{"id":176,"date":"2012-05-29T15:05:51","date_gmt":"2012-05-29T13:05:51","guid":{"rendered":"http:\/\/www.refrat.de\/semtix\/wordpress\/?page_id=176"},"modified":"2024-10-16T16:32:12","modified_gmt":"2024-10-16T14:32:12","slug":"berechnungsweise","status":"publish","type":"page","link":"https:\/\/www.refrat.de\/semtix\/wordpress\/antrag-stellen\/berechnungsweise\/","title":{"rendered":"Berechnungsweise"},"content":{"rendered":"<p>Die Antr\u00e4ge werden auf Grundlage der <a title=\"Sozialfondssatzung\" href=\"http:\/\/www.refrat.de\/semtix\/wordpress\/antrag-stellen\/sozialfondssatzung\/\">Sozialfondssatzung<\/a> bearbeitet. Dadurch ergibt sich die folgende Struktur:<\/p>\n<p><strong>Bedarf:<\/strong><\/p>\n<p>Hier stellen wir euren Bedarf fest, dies ist ein Grundbedarf von 600\u20ac. Dazu kommt (je nach euren Angaben) Miete und Krankenversicherung, sowie medizinische und zus\u00e4tzliche Kosten. Zus\u00e4tzlich noch Pauschalen, wenn du f\u00fcr Personen in deinem Haushalt aufkommst, aus dem Ausland kommst oder behindert bzw. chronisch krank bist. Au\u00dferdem k\u00f6nnen Schulden dazukommen, allerdings nur bis zu 30% deines Einkommens.<\/p>\n<p><strong>Einkommen:<\/strong><\/p>\n<p>Damit ist das Geld gemeint, mit dem ihr eure Ausgaben bezahlt. Egal ob Lohn, BAF\u00d6G, Wohngeld, ALG, Unterst\u00fctzung der Eltern oder Erspartes; was ihr angebt (und nachweist) rechnen wir euch an.<\/p>\n<p><strong>Punkte aus dem Verh\u00e4ltnis von Einkommen und Bedarf:<\/strong><\/p>\n<p>F\u00fcr jede angefangene 17\u20ac die euer Bedarf euer Einkommen \u00fcbersteigt, bekommt ihr einen Punkt.<\/p>\n<p><strong>Punkte f\u00fcr <a title=\"H\u00e4rten\" href=\"http:\/\/www.refrat.de\/semtix\/wordpress\/antrag-stellen\/haerten\/\">H\u00e4rten<\/a>:<\/strong><\/p>\n<p>F\u00fcr jede angegebene (, nachgewiesene) und anrechenbare <a title=\"H\u00e4rten\" href=\"http:\/\/www.refrat.de\/semtix\/wordpress\/antrag-stellen\/haerten\/\">H\u00e4rte<\/a> bekommt ihr 5 Punkte.<\/p>\n<p><strong>Geld f\u00fcr Punkte:<\/strong><\/p>\n<p>Von dem halbj\u00e4hrlich gesammelten Sozialfonds werden 90% (im Wintersemester und 95% im Sommersemester) ausgesch\u00fcttet, also auf die gesamten Punkte aller Antragsteller_Innen verteilt (nat\u00fcrlich nicht mehr, als das Ticket kostet&#8230;). Deswegen dauert es auch immer eine Weile, bis ihr euren Bescheid bekommt, denn wir m\u00fcssen alle Antr\u00e4ge fertig rechnen bevor wir wissen wieviel so ein Punkt denn wert ist. Und nat\u00fcrlich \u00e4ndern sich auch alle Variablen in dieser Gleichung von Semester zu Semester; deswegen kann die Zuschussh\u00f6he variieren, auch wenn die Angaben im Antrag gleich geblieben sind.<\/p>\n","protected":false},"excerpt":{"rendered":"<p>Die Antr\u00e4ge werden auf Grundlage der Sozialfondssatzung bearbeitet. Dadurch ergibt sich die folgende Struktur: Bedarf: Hier stellen wir euren Bedarf fest, dies ist ein Grundbedarf von 600\u20ac. Dazu kommt (je nach euren Angaben) Miete und Krankenversicherung, sowie medizinische und zus\u00e4tzliche &hellip; <a href=\"https:\/\/www.refrat.de\/semtix\/wordpress\/antrag-stellen\/berechnungsweise\/\">Weiterlesen <span class=\"meta-nav\">&rarr;<\/span><\/a><\/p>\n","protected":false},"author":1,"featured_media":0,"parent":157,"menu_order":0,"comment_status":"closed","ping_status":"closed","template":"","meta":{"_lmt_disableupdate":"no","_lmt_disable":"no","footnotes":""},"class_list":["post-176","page","type-page","status-publish","hentry"],"_links":{"self":[{"href":"https:\/\/www.refrat.de\/semtix\/wordpress\/wp-json\/wp\/v2\/pages\/176","targetHints":{"allow":["GET"]}}],"collection":[{"href":"https:\/\/www.refrat.de\/semtix\/wordpress\/wp-json\/wp\/v2\/pages"}],"about":[{"href":"https:\/\/www.refrat.de\/semtix\/wordpress\/wp-json\/wp\/v2\/types\/page"}],"author":[{"embeddable":true,"href":"https:\/\/www.refrat.de\/semtix\/wordpress\/wp-json\/wp\/v2\/users\/1"}],"replies":[{"embeddable":true,"href":"https:\/\/www.refrat.de\/semtix\/wordpress\/wp-json\/wp\/v2\/comments?post=176"}],"version-history":[{"count":10,"href":"https:\/\/www.refrat.de\/semtix\/wordpress\/wp-json\/wp\/v2\/pages\/176\/revisions"}],"predecessor-version":[{"id":2287,"href":"https:\/\/www.refrat.de\/semtix\/wordpress\/wp-json\/wp\/v2\/pages\/176\/revisions\/2287"}],"up":[{"embeddable":true,"href":"https:\/\/www.refrat.de\/semtix\/wordpress\/wp-json\/wp\/v2\/pages\/157"}],"wp:attachment":[{"href":"https:\/\/www.refrat.de\/semtix\/wordpress\/wp-json\/wp\/v2\/media?parent=176"}],"curies":[{"name":"wp","href":"https:\/\/api.w.org\/{rel}","templated":true}]}}

<p>Die Anträge werden auf Grundlage der <a title="Sozialfondssatzung" href="http://www.refrat.de/semtix/wordpress/antrag-stellen/sozialfondssatzung/">Sozialfondssatzung</a> bearbeitet. Dadurch ergibt sich die folgende Struktur:</p>
<p><strong>Bedarf:</strong></p>
<p>Hier stellen wir euren Bedarf fest, dies ist ein Grundbedarf von 600€. Dazu kommt (je nach euren Angaben) Miete und Krankenversicherung, sowie medizinische und zusätzliche Kosten. Zusätzlich noch Pauschalen, wenn du für Personen in deinem Haushalt aufkommst, aus dem Ausland kommst oder behindert bzw. chronisch krank bist. Außerdem können Schulden dazukommen, allerdings nur bis zu 30% deines Einkommens.</p>
<p><strong>Einkommen:</strong></p>
<p>Damit ist das Geld gemeint, mit dem ihr eure Ausgaben bezahlt. Egal ob Lohn, BAFÖG, Wohngeld, ALG, Unterstützung der Eltern oder Erspartes; was ihr angebt (und nachweist) rechnen wir euch an.</p>
<p><strong>Punkte aus dem Verhältnis von Einkommen und Bedarf:</strong></p>
<p>Für jede angefangene 17€ die euer Bedarf euer Einkommen übersteigt, bekommt ihr einen Punkt.</p>
<p><strong>Punkte für <a title="Härten" href="http://www.refrat.de/semtix/wordpress/antrag-stellen/haerten/">Härten</a>:</strong></p>
<p>Für jede angegebene (, nachgewiesene) und anrechenbare <a title="Härten" href="http://www.refrat.de/semtix/wordpress/antrag-stellen/haerten/">Härte</a> bekommt ihr 5 Punkte.</p>
<p><strong>Geld für Punkte:</strong></p>
<p>Von dem halbjährlich gesammelten Sozialfonds werden 90% (im Wintersemester und 95% im Sommersemester) ausgeschüttet, also auf die gesamten Punkte aller Antragsteller_Innen verteilt (natürlich nicht mehr, als das Ticket kostet&#8230;). Deswegen dauert es auch immer eine Weile, bis ihr euren Bescheid bekommt, denn wir müssen alle Anträge fertig rechnen bevor wir wissen wieviel so ein Punkt denn wert ist. Und natürlich ändern sich auch alle Variablen in dieser Gleichung von Semester zu Semester; deswegen kann die Zuschusshöhe variieren, auch wenn die Angaben im Antrag gleich geblieben sind.</p>

<p>Die Anträge werden auf Grundlage der Sozialfondssatzung bearbeitet. Dadurch ergibt sich die folgende Struktur: Bedarf: Hier stellen wir euren Bedarf fest, dies ist ein Grundbedarf von 600€. Dazu kommt (je nach euren Angaben) Miete und Krankenversicherung, sowie medizinische und zusätzliche &hellip; <a href="https://www.refrat.de/semtix/wordpress/antrag-stellen/berechnungsweise/">Weiterlesen <span class="meta-nav">&rarr;</span></a></p>
